f. Suppose 7 = v - f. What is the remainder when 16 is divided by v?
7
Suppose 692 + 808 = 3*f. Calculate the remainder when f is divided by 12.
8
Suppose -10 - 15 = -5*g. Suppose -5*u - 276 = -3*n, -5*n + g*u - 13 = -483. What is the remainder when n is divided by 25?
22
Suppose -10 = -y + 2. Calculate the remainder when y is divided by 7.
5
Let c(j) = -j**3 - 4*j**2 + 15*j - 2. Suppose 3*f + 29 = -2*m, 0*f + f - 2*m - 1 = 0. Calculate the remainder when c(f) is divided by 22.
18
Suppose -z + 235 = -5*r - 163, 2*z - 796 = -r. Calculate the remainder when z is divided by 21.
20
Suppose 13*v = 12*v + 55. Suppose -40 = -5*b + v. What is the remainder when 56 is divided by b?
18
Let u(n) = 6*n - 17. Let l = 8 + -9. Let h(r) = -r. Let k(q) = l*u(q) - 5*h(q). What is the remainder when 31 is divided by k(0)?
14
Let j = -102 - -109. Suppose 12 + 35 = y. What is the remainder when y is divided by j?
5
Let i = -1979 + 2943. Calculate the remainder when i is divided by 14.
12
Let o = 55 + -46. Calculate the remainder when 45 is divided by 74/o - (-2)/(-9).
5
Let w be 41 - 3/(-6)*-2*-1. Calculate the remainder when 49 is divided by (w/(-4))/7*34/(-3).
15
Suppose 1504*f - 1512*f = -240. Calculate the remainder when 148 is divided by f.
28
Suppose -9*h = -18*h + 1008. Calculate the remainder when h is divided by 5.
2
Calculate the remainder when 3/(-6)*(1 + 5)*-10 is divided by 19.
11
Let b(s) = -s**2 + 11*s + 7. Let j be b(8). Suppose 3*y + 42 = -9. Let p = j + y. Calculate the remainder when p is divided by 5.
4
Suppose 0 = 6*d - 35 + 11. Suppose 4*j - d*g = g + 193, -25 = 5*g. What is the remainder when 123 is divided by j?
39
Suppose -2*g + 2 = -12. Let b = -13 + 12. Calculate the remainder when g is divided by (-1*(1 + 1))/b.
1
Let g(q) = -q**3 - 7*q**2 - 4*q - 13. Suppose -13 = 3*i + 8. Calculate the remainder when 57 is divided by g(i).
12
Suppose 5*o = 26 - 1. Let s(q) be the third derivative of q**6/120 - q**5/20 - 7*q**4/24 + q**3/2 - 66*q**2. Calculate the remainder when 71 is divided by s(o).
17
Suppose q = -0*q - 1. Let g(j) = -197*j**2 + 1. Let y be g(q). Calculate the remainder when 25 is divided by y/(-21)*6/4.
11
Let b = 18 + -66. Let i = 55 + b. Let x(f) = -3*f + 4. Calculate the remainder when x(-7) is divided by i.
4
Let c = 53 + -21. Suppose -285 = -3*x - 3*l, -8*x + 4*x + 5*l + 371 = 0. Calculate the remainder when x is divided by c.
30
Let x(t) = t + 31. What is the remainder when 40 is divided by x(-4)?
13
Suppose -3*s = 15, -1 + 23 = -y - 2*s. Let n be (-52)/y*-1*-3. Suppose n = g - 2. Calculate the remainder when g is divided by 6.
3
Let l(q) = -q**3 - 7*q**2 + 47*q - 25. What is the remainder when 531 is divided by l(-12)?
7
Suppose -7*i = -6*i. Suppose i = o - 4*n - 96, 4*o - 5*o + 76 = n. Calculate the remainder when o is divided by 17.
12
Let l = -124 + 139. Calculate the remainder when -8*(-1)/(4/34) is divided by l.
8
Let z(t) = t + 19. What is the remainder when z(9) is divided by 45/6*8/(-12)*-2?
8
Suppose d = -2 + 4. Suppose -b - x = -4, b = -3*b + d*x + 10. Calculate the remainder when b is divided by 1.
0
Let m be 4/(2 + 2) + -5. Let c(b) = -b**2 - 8*b - 11. What is the remainder when 8 is divided by c(m)?
3
Let l = 4 + -4. Suppose x - 3*x - 12 = l. Calculate the remainder when 2 is divided by (-1)/(3/x) - 0.
0
Suppose -4*z + 59 = -3*z. Suppose -20 = -9*j + 29*j. Calculate the remainder when j/(-2)*(z + -1) is divided by 11.
7
Let l = -756 + 766. Calculate the remainder when 22 is divided by l.
2
Suppose 29*a = 22*a + 7. Let s be 0/(-2) - (0 - 22). Suppose v + 10 = 3*d, -v + 0*d + s = 5*d. What is the remainder when v is divided by a?
0
Suppose 4*v + 3*h - 335 = 0, -2*v - 3*h - 412 = -7*v. Suppose 5*s - 4*b - 50 = 0, -13*b + 46 = 4*s - 15*b. Calculate the remainder when v is divided by s.
13
Suppose 0 = -3*y - 2*y + 5*r + 405, 0 = 5*r + 25. Calculate the remainder when y is divided by 20.
16
Let m(y) = y**3 - 11*y**2 + 9*y + 2. Let o be m(7). Let b be (11/2)/((-7)/(-238)). Let f = b + o. Calculate the remainder when f is divided by 19.
18
Let a = 170 - 164. Calculate the remainder when 101 is divided by a.
5
Suppose 5*s - 34 = 3*s. Let g(h) = 4*h + 95. Calculate the remainder when g(-16) is divided by s.
14
What is the remainder when 53 is divided by -3*4/6*-1?
1
Let p = 318 + -313. Calculate the remainder when 383 is divided by p.
3
Suppose -4*j = -3*p - 0*j + 36, 5*p - 3*j - 71 = 0. Let u = -4 + p. What is the remainder when 31 - (-3 - 0) - -1 is divided by u?
11
Suppose 2*o + o = 24. Suppose -3*n - 2*u + 99 = 0, 22*u = -5*n + 24*u + 149. Calculate the remainder when n is divided by o.
7
Suppose 0*q + 3 = q. Let l = 131 - q. Suppose -6*m = -4*m - l. Calculate the remainder when m is divided by 22.
20
Calculate the remainder when 11 is divided by -11*(-3 - -2) + 0/1.
0
Let n = -658 - -842. Calculate the remainder when n is divided by 66.
52
Calculate the remainder when (1 + (-1078)/21)*(-4 + 1) is divided by 78.
73
Let k(s) = -2*s**2 + 11*s + 1. Let z be k(5). Suppose -492 = -0*w - z*w. What is the remainder when w is divided by 42?
40
Let o(c) = -10*c - 17. Let z be o(-4). Suppose -r + s = -z, -5*s + 23 + 72 = 5*r. What is the remainder when r is divided by 12?
9
Suppose 0 = 9*o - 11*o + 320. Suppose -u + 4*z = -45 - 2, -4*u + o = -2*z. What is the remainder when u is divided by 14?
11
Let i be 1/((-84)/83 + 1). Suppose 4*m - 606 - 30 = -4*j, 2*j - 4*m - 336 = 0. Let f = j + i. Calculate the remainder when f is divided by 27.
25
Let p(m) = 11*m**2 + 10*m - 9. Calculate the remainder when 63 is divided by p(1).
3
Let p be 23/(1/(-3) - 2/(-4)). Let r = 4 + 1. Calculate the remainder when p/8 - (1/4 - 0) is divided by r.
2
Let h(x) = x**2 + 13*x + 14. Let b be h(-12). Let g be (13/(-2))/((-1)/b). Let m = 26 - g. What is the remainder when m is divided by 7?
6
Suppose -3*p + 18 + 3 = 0. Let x(y) = y**3 - 4*y**2 + 8*y - 29. What is the remainder when p is divided by x(4)?
1
Let w(n) = n**3 - 15*n**2 + 23*n + 24. Let k be w(13). Calculate the remainder when (-2)/(-10) - 1917/k is divided by 26.
24
Calculate the remainder when -10*(-6)/12 + 169 is divided by 36.
30
Let q(h) = 12*h**2 + h - 1. Let n be q(-1). Let r = n - -24. Calculate the remainder when r is divided by 12.
10
Let z = 1070 - 695. What is the remainder when z is divided by 14?
11
Let y(m) = -2*m**3 - 24*m**2 - 44*m - 26. What is the remainder when 235 is divided by y(-10)?
11
Suppose -5*s = -2*s. Suppose s = 4*x - 3*x - 20. Suppose 3*h = -5*p + 67, 0*p = 4*p - x. What is the remainder when 54 is divided by h?
12
Let a(d) = -d**2 + 13*d + 37. Calculate the remainder when a(11) is divided by -38*1/(-2) - -2.
17
Let c = 5 - 36. Let u = 47 + c. Calculate the remainder when 22 is divided by u.
6
Suppose 11*i + c = 14*i - 128, -5*c = -2*i + 94. What is the remainder when i is divided by (-1 + 9)/((-3)/(-6))?
10
Let o = 252 + -44. What is the remainder when o is divided by 14?
12
Let f(o) = -o + 8. Let t be f(7). Let c = -29 - -41. Calculate the remainder when 22 is divided by (-2 + t)/((-1)/c).
10
Let s(p) = -p**3 + 17. Let i(q) = -9*q - 11. What is the remainder when s(0) is divided by i(-2)?
3
What is the remainder when ((-88)/33)/(2/(-75)) is divided by 21?
16
Let u be (-593)/7 - (-4)/(-14). Calculate the remainder when (136/u)/((-2)/85) is divided by 23.
22
Suppose 3*s = -s - 88. Suppose -j - 36 = -2*j. Let g = j + s. What is the remainder when g is divided by 4?
2
Suppose 6*f + 479 = 1337. Calculate the remainder when f is divided by 55.
33
Suppose 8*z - 3*z = -2*t + 281, 2*z - 107 = t. What is the remainder when z is divided by 14?
13
Suppose 0 = -r + 57 + 41. Let t be 1/((-96)/r - -1). Let n = t - -19. What is the remainder when n is divided by 14?
12
Let x be 70*(55/(-2))/(-5). Let d = -118 + x. Suppose 2*r + r - d = 0. Calculate the remainder when r is divided by 23.
20
Suppose -5*s - 2*d + 589 = 0, 2*d - 349 = -3*s + 3*d. Calculate the remainder when s is divided by 10.
7
What is the remainder when 117 is divided by (6/(-6))/((-5)/100)?
17
Let o(d) = 81 + 0*d + 3*d - 76. Suppose -4*s + 5*a + 21 = 0, -s = s + 2*a - 6. Calculate the remainder when o(s) is divided by 6.
5
Suppose 57 = 3*g - 3*p, -4*p - 57 = 6*g - 9*g. What is the remainder when 34 is di